 = -321 + g. Calculate the remainder when 77 is divided by c.
7
Suppose 27*w - 1386 - 1023 = 372. What is the remainder when w is divided by 32?
7
Suppose -3*y = -2*y - 26. Let g(q) = -29 + 38 - 17*q + 13*q + 39 + 3*q. Calculate the remainder when y is divided by g(27).
5
Let a(z) = 12*z**2 - z + 1. Suppose 2*n - 272 = -4*o, 4*o - 152*n = -147*n + 160. What is the remainder when o is divided by a(1)?
0
Suppose -28*v + 7*v + 2226 = 0. Suppose -u + 2*i + 128 = 3*u, i = -3*u + v. What is the remainder when 122 is divided by u?
20
Let q be 3/(9 + -8) - 753. Let f = 793 + q. What is the remainder when 71 is divided by f?
28
Let r = -6378 - -6451. What is the remainder when r is divided by 16?
9
Let u be 5*((-4)/22 + 42/(-11)). Calculate the remainder when (152/u)/(3/(-15)) is divided by 26.
12
Let q(m) = -18*m - 441. What is the remainder when q(-51) is divided by 80?
77
Suppose -21*x + 1457 = 119*x - 1063. Calculate the remainder when 304 is divided by x.
16
Let b = 39 - 35. Suppose -i + 131 = 4*o - 42, -b*o + 704 = 4*i. Calculate the remainder when i is divided by 18.
15
Let m = -248 - -520. Calculate the remainder when m is divided by 95.
82
Let i = 447 + -205. Suppose -p = 4*l - 3*p - i, -4*l - 5*p = -249. What is the remainder when l is divided by 38?
23
Let z(y) = -27*y**2 + 516*y - 27. What is the remainder when 1049 is divided by z(19)?
29
Suppose -5*h - 4*f = -548, 0 = h - 6*h + 4*f + 572. Let u = h + 0. Suppose 0 = 4*x - u. What is the remainder when 55 is divided by x?
27
Suppose 5*q + 2531 = 3*a, 29*q = -3*a + 31*q + 2528. What is the remainder when a is divided by 47?
43
Suppose -11*b + 6*b = -2*a + 30, -5*a + b + 52 = 0. What is the remainder when (-1)/5 - (-3437)/35 is divided by a?
8
Calculate the remainder when 2518 is divided by 28*(-180)/((-306)/17).
278
Let k(p) = 2*p + 60. Let f be k(-29). Suppose f*h + 5*j - 38 = 10*j, -4*h = 4*j - 48. Let q = -10 + 19. What is the remainder when h is divided by q?
5
Let p(r) = -11*r + 200. Calculate the remainder when p(-66) is divided by 116.
114
Let k = 198 + -332. What is the remainder when 183 is divided by 316/(-237) - k/6?
15
Let k be ((-12)/14)/(-3) - (-759)/161. Suppose -28 = 7*h - k*h. Let t = 40 + h. Calculate the remainder when 155 is divided by t.
25
What is the remainder when -11*(-8)/(-132)*(-2 - (886 + -3)) is divided by 22?
18
Let l(o) = -o**3 - 8*o**2 - 35*o - 440. Calculate the remainder when 177 is divided by l(-10).
67
Let b(g) = -g**2 + 29*g - 99. What is the remainder when 55 is divided by b(23)?
16
Suppose 116*i - 21331 = -23*i - 118*i. Calculate the remainder when 340 is divided by i.
8
Let x(z) = -66*z + 36. Let j(f) = 14*f - 7. Let d(i) = -28*j(i) - 6*x(i). Let v(r) = 12*r - 1. Let t be v(1). What is the remainder when 70 is divided by d(t)?
22
Let o be 68/14 + (-16)/(-112). Suppose h = -o*i + 68, -3*h - h = 4*i - 208. Calculate the remainder when 90 is divided by h.
42
Let o(v) = -v**3 + 8*v**2 - 8*v - 1. What is the remainder when ((-1)/6*-4)/(18/810) is divided by o(6)?
7
Suppose -k - 475 = -5*l - 2293, l = -1. What is the remainder when k is divided by 1799?
14
Suppose 3*w + 13 = 4*f, -6*f + f + 3*w = -17. Let t be 9/(0 - -3) - -1. Suppose 8 = 4*k - t. Calculate the remainder when f is divided by k.
1
Suppose 2*h - 3*z = 55, -2*h + 33*z = 29*z - 52. What is the remainder when 889 is divided by h?
25
Let v(t) = 7*t + 107. Let z be v(-11). Calculate the remainder when 391 is divided by 7/(-42) + 1685/z.
55
Suppose 4902 = 84*i - 27*i. What is the remainder when 1801 is divided by i?
81
Suppose 5*k + 29 = 5*w - w, -3*k = -3*w + 18. Calculate the remainder when 141 is divided by (1 + w)*(116/8 - -5).
24
Suppose -1099*w = -1100*w + 591. Calculate the remainder when w is divided by 123.
99
Let v be 38 + 4/2 + 1 + -2. Suppose 43*z + 40 = v*z. Calculate the remainder when 27 + 5/z*4 is divided by 7.
4
Let w(f) be the second derivative of 1/4*f**4 + 5*f**2 + 1 - 8*f - 3/2*f**3. What is the remainder when 38 is divided by w(4)?
16
Suppose 6*w + 3*d - 62 - 463 = 0, 2*d = 5*w - 451. What is the remainder when 258 is divided by w?
80
Suppose -12*p + 17*p - 65 = 0. Suppose -p = -6*u - 1. Suppose -3*k + 4*f = -197, 0 = -u*k + 4*f + 42 + 84. Calculate the remainder when k is divided by 21.
8
Suppose -4*b = 4*b - 192. What is the remainder when b is divided by (-1)/2*(4 + -24)?
4
Calculate the remainder when (1772/(-6)*78/(-52))/(5 - 4) is divided by 50.
43
Let y(o) = o**2 + 3*o - 2. Suppose 4*p = -p + 30. Suppose -7 = -t + d, -p*t + t + 4*d = -38. Calculate the remainder when y(-6) is divided by t.
6
Suppose -x = -5*c - 81, -28*c = -2*x - 30*c + 114. Let k(l) = l - 3. What is the remainder when x is divided by k(10)?
5
Let u(a) = 2*a - 15. Let h be u(10). Suppose 0 = h*w - 0*w + j - 30, -w = j - 6. Suppose -w*r = -r - 75. Calculate the remainder when 74 is divided by r.
14
Suppose 0 = -35*u + 27*u + 16. Calculate the remainder when 240 is divided by ((-712)/(-36) - 4/(-18)) + u.
20
Suppose -3*p + 5*p - 2*b + 2 = 0, 0 = 4*p + 2*b - 2. Suppose p = 29*k - 23*k - 402. Calculate the remainder when k is divided by 29.
9
Let p = -39907 + 40380. Calculate the remainder when p is divided by 22.
11
Suppose 0 = 27*h - 25*h - 3*n - 501, -496 = -2*h + 4*n. What is the remainder when 790 is divided by h?
16
Let c be 4 - (4/(-6))/((-16)/(-24)). Let h be 3/(0 - (-9)/6) + 74. Suppose c*p - 4*p = h. What is the remainder when p is divided by 13?
11
Let g = 540 + -322. What is the remainder when 656 is divided by g?
2
Suppose -42*c + 47*c = 2*l - 137, -l + 58 = c. What is the remainder when l is divided by -2 + 2 + 24 + -2?
17
Suppose -3*s = -5*f + 3197, -19*f + 4*s + 1916 = -16*f. What is the remainder when f is divided by 46?
42
Let g(q) be the second derivative of 11*q**3/3 - 73*q**2/2 - 99*q. Calculate the remainder when g(28) is divided by 13.
10
Suppose -117 = -2*d - 3*r, 4*d - r + 351 = 9*d. Calculate the remainder when 1794 is divided by d.
66
Suppose -10 - 366 = -2*i - 2*n, -2*n - 574 = -3*i. Calculate the remainder when i is divided by 68.
54
Let q be ((-6)/15)/((-2)/20). Let f be -1 + (-11 - (-7 + q)). Calculate the remainder when (f + 1/1)/(-1 - 0) is divided by 3.
2
Suppose 2*q = -3*t - 2, q + 2*t - 3*t = 4. Suppose q*h - 9*h = 3787. Let w = 771 + h. Calculate the remainder when w is divided by 21.
20
Let x(v) = -18*v**2 + 435*v + 48. What is the remainder when x(24) is divided by 40?
0
Let g be 34*-1*(-1 - -2). Suppose -42*m + 44*m = 320. Let j = m + g. What is the remainder when j is divided by 32?
30
Let v = 445 + -116. What is the remainder when v is divided by 323?
6
Calculate the remainder when (-60)/40*(-145 - -3) is divided by 41.
8
Let c = 10057 - 8318. What is the remainder when c is divided by 145?
144
Suppose -4*j + 3*j = -42. Suppose 23*y - 12*y = -2541. Calculate the remainder when (0 - 18)*y/j is divided by 34.
31
Let b(p) = 82*p - 517. What is the remainder when 824 is divided by b(8)?
129
Suppose 5*h + t - 2426 = 217, -4*t - 8 = 0. Let f = h + -518. What is the remainder when 99 is divided by f?
0
Let s = -4090 + 4144. What is the remainder when 323 is divided by s?
53
Let u(t) = 103*t + 5. Suppose 5*g + 2*v - 14 - 27 = 0, 4*g - 30 = -2*v. What is the remainder when u(4) is divided by g?
10
Suppose -l = -5*w + l - 4, 3*l - 6 = 0. Suppose w = -3*z - 2*z + 45. Suppose 3576*f - 3035*f = 5410. What is the remainder when f is divided by z?
1
Let q = 7139 + -2943. Calculate the remainder when q is divided by 13.
10
Let v(f) be the third derivative of -f**4/12 + f**3 + 21*f**2. Let z be v(1). Calculate the remainder when 234/z + (-2 - (-25)/10) is divided by 22.
15
Let d(c) = -2*c**2 - 4 + 3*c**2 + 502*c - 505*c. Calculate the remainder when 67 is divided by d(7).
19
Let k be (12/10)/((-6)/(-20)). Let r be (12 + -4)/(-4) + k. Suppose -4*a - 5 = r*w - 23, -2*a + 24 = -2*w. What is the remainder when 34 is divided by a?
6
Let w(d) = 18*d**2 + 52*d - 2. Calculate the remainder when w(-17) is divided by 108.
104
Let b(h) = -h**3 + 7*h**2 - 4. Let c(y) = -y**3 - 23*y**2 + 9*y + 159. Let g be c(-17). Calculate the remainder when b(5) is divided by ((-2)/(-4))/((-72)/g).
10
Calculate the remainder when (-2 + 1 - 6) + (10566/6 - 21) is divided by 100.
33
Suppose -55*n - 48652 = 